{"id":226,"date":"2010-09-28T00:47:45","date_gmt":"2010-09-28T00:47:45","guid":{"rendered":"http:\/\/www.al.pb.leg.br\/elegispb\/?page_id=226"},"modified":"2017-03-31T10:10:33","modified_gmt":"2017-03-31T13:10:33","slug":"curso-de-espanhol","status":"publish","type":"page","link":"https:\/\/www.al.pb.leg.br\/elegispb\/?page_id=226","title":{"rendered":"Espanhol"},"content":{"rendered":"<p><strong>Por que aprender espanhol? <\/strong><\/p>\n<p>Mais de 400 milh\u00f5es de pessoas em todo o mundo (40 milh\u00f5es s\u00f3 nos Estados Unidos) t\u00eam o espanhol como l\u00edngua materna, sendo que outros tantos o estudam como segundo idioma. O espanhol \u00e9 a quarta l\u00edngua mais falada no mundo, superado apenas pelo Ingl\u00eas, Mandarim e Hindu.<\/p>\n<p>O espanhol \u00e9 a segunda l\u00edngua mais usada nos neg\u00f3cios e as tend\u00eancias indicam que para o ano 2050 ser\u00e3o 550 milh\u00f5es de pessoas falando este idioma no mundo.<\/p>\n<p>Muitas universidades j\u00e1 inclu\u00edram o espanhol como disciplina em seus exames de sele\u00e7\u00e3o e agora a obrigatoriedade do ensino de Espanhol nas escolas brasileiras de segundo grau j\u00e1 \u00e9 quase uma realidade.<\/p>\n<p><strong>O espanhol no mundo globalizado<\/strong><\/p>\n<p>O Espanhol \u00e9 hoje um idioma de fundamental import\u00e2ncia no mundo. Cada vez mais pessoas estudam e falam espanhol em todo o mundo.<\/p>\n<p>O Brasil est\u00e1 cercado de pa\u00edses que falam espanhol, e \u00e9 por isso que estamos em constante contato com esta l\u00edngua e cultura.<\/p>\n<p>O espanhol tornou-se um dos principais ve\u00edculos de comunica\u00e7\u00e3o nos meios diplom\u00e1ticos, no com\u00e9rcio mundial, nas competi\u00e7\u00f5es esportivas, no turismo, nos encontros de l\u00edderes pol\u00edticos mundiais, nos congressos sobre ci\u00eancia, tecnologia entre outros. Por isso \u00e9 de suma import\u00e2ncia conhecer a l\u00edngua espanhola para n\u00e3o se sentir isolado no mundo globalizado de hoje.<\/p>\n<p>Os tratados comerciais provam que a l\u00edngua espanhola j\u00e1 se tornou fundamental para a sobreviv\u00eancia na nova ordem mundial. Exemplo disso \u00e9 o fato de os EUA j\u00e1 terem adotado o espanhol como segundo idioma. 80% dos alunos norte-americanos escolhem o espanhol como segunda l\u00edngua, sem contar com os mais de 35 milh\u00f5es de hispano-falantes que moram nos Estados Unidos. Recente pesquisa realizada nos EUA revelou que 44% dos empres\u00e1rios norte-americanos concordam que a l\u00edngua estrangeira mais importante para os neg\u00f3cios, nos pr\u00f3ximos 20 anos, ser\u00e1 o espanhol. Nesse pa\u00eds existem, al\u00e9m de 300 jornais em espanhol, 528 emissoras de r\u00e1dio e duas grandes redes de televis\u00e3o, todas em espanhol.<\/p>\n<p>Dominar a l\u00edngua espanhola abre portas para o mercado de trabalho, podendo ser um importante diferencial para uma boa coloca\u00e7\u00e3o, pois neste mundo da informa\u00e7\u00e3o, a falta do segundo ou terceiro idioma pode eliminar chances de coloca\u00e7\u00e3o no mercado. As empresas cada vez mais exigentes procuram profissionais qualificados. O dom\u00ednio de uma l\u00edngua estrangeira que antes era \u201cdesej\u00e1vel\u201d hoje passou a se tornar um \u201cpr\u00e9-requisito\u201d, para profissionais de n\u00edvel superior, m\u00e9dio e t\u00e9cnico, em todas as \u00e1reas.<\/p>\n<p>Com o advento do Mercosul, aprender espanhol deixou de ser um luxo para se tornar praticamente uma emerg\u00eancia.<\/p>\n<p>O Brasil hoje comercializa muitos produtos e servi\u00e7os com outros pa\u00edses latinos como Bol\u00edvia, Argentina, Uruguai, Col\u00f4mbia, Peru, M\u00e9xico, Venezuela, Chile, todos falantes de espanhol, e a tend\u00eancia futura \u00e9 o crescimento do com\u00e9rcio livre entre os pa\u00edses Sul-americanos, isso sem mencionar a Espanha que \u00e9 o segundo maior investidor de capital privado no Brasil. Vale lembrar tamb\u00e9m que o espanhol \u00e9 uma das l\u00ednguas mais faladas no mundo. Al\u00e9m do Mercosul, que j\u00e1 \u00e9 uma realidade, temos ao longo de nossa fronteira um enorme mercado, tanto do ponto de vista comercial como cultural.<\/p>\n<p>A posi\u00e7\u00e3o que a l\u00edngua espanhola ocupa no mundo de hoje \u00e9 de tal import\u00e2ncia que quem decidir ignor\u00e1-la poder\u00e1 correr o risco de perder muitas oportunidades de cunho comercial, econ\u00f4mico, cultural, acad\u00eamico ou pessoal.<\/p>\n<p>Motivos n\u00e3o faltam para voc\u00ea come\u00e7ar a aprender espanhol hoje mesmo. Al\u00e9m da import\u00e2ncia econ\u00f4mica, cultural e social, \u00e9 um idioma muito belo.<\/p>\n<p>Falar um idioma fluentemente j\u00e1 n\u00e3o \u00e9 mais um diferencial profissional, mas sim um pr\u00e9-requisito para quem busca uma vaga no mercado de trabalho ou pensa em crescer profissionalmente. Seja Ingl\u00eas, Espanhol, Franc\u00eas ou qualquer outro idioma, hoje em dia \u00e9 imposs\u00edvel se dar bem falando apenas Portugu\u00eas.<\/p>\n<p align=\"center\"><strong>\u00a1\u00a1\u00a1Vamos a hablar espa\u00f1ol!!!<\/strong><\/p>\n<h1><\/h1>\n<p>&nbsp;<\/p>\n<h1><a title=\"Link Permanente para Alunos do Curso de Espanhol da Escola do Legislativo promovem  tarde de oficina \u201cTalheres Hisp\u00e2nicos\u201d\" href=\"http:\/\/www.al.pb.leg.br\/elegispb\/?p=1338\" rel=\"bookmark\">Alunos do Curso de Espanhol da Escola do Legislativo promovem tarde de oficina \u201cTalheres Hisp\u00e2nicos\u201d<\/a><\/h1>\n<p style=\"text-align: center;\"><a href=\"http:\/\/www.al.pb.leg.br\/elegispb\/wp-content\/uploads\/2012\/11\/oficina-espanhol.jpg\"><img decoding=\"async\" loading=\"lazy\" class=\"aligncenter\" title=\"oficina-espanhol\" src=\"http:\/\/www.al.pb.leg.br\/elegispb\/wp-content\/uploads\/2012\/11\/oficina-espanhol-300x225.jpg\" alt=\"\" width=\"300\" height=\"225\" \/><\/a><\/p>\n<p style=\"text-align: left;\">Os alunos do Curso de Espanhol da Escola do Legislativo da Para\u00edba, ministrado pela professora Wanessa Fadja Dino\u00e1, deram um belo espet\u00e1culo, na tarde desta segunda-feira (12\/11), dentro da programa\u00e7\u00e3o de encerramento das atividades do segundo semestre.<\/p>\n<h1><\/h1>\n<p>Na Oficina Cultural intitulada \u201cTalheres Hisp\u00e2nicos\u201d, que teve como tema a Civiliza\u00e7\u00e3o Inca \u2013 representada pela cidade de Machu Pichu, a 150 km da cidade de Cuzco, no Peru -, os alunos puderam exercitar o aprendizado do idioma expondo um tema de grande import\u00e2ncia al\u00e9m das apresenta\u00e7\u00f5es sobre m\u00fasica popular espanhola, cinema, dan\u00e7a e gastronomia, para diretores, professores, funcion\u00e1rios, e estudantes de outras disciplinas que prestigiaram o evento.<\/p>\n<h1><\/h1>\n<p style=\"text-align: center;\"><a href=\"http:\/\/www.al.pb.leg.br\/elegispb\/wp-content\/uploads\/2012\/11\/comida-espanha.jpg\"><img decoding=\"async\" loading=\"lazy\" class=\"aligncenter\" title=\"comida-espanha\" src=\"http:\/\/www.al.pb.leg.br\/elegispb\/wp-content\/uploads\/2012\/11\/comida-espanha-224x300.jpg\" alt=\"\" width=\"224\" height=\"300\" \/><\/a><\/p>\n<p>Al\u00e9m da exposi\u00e7\u00e3o oral sobre cada tema, os alunos prepararam uma deliciosa guacamole\u00a0 (foto acima) com nachos para degusta\u00e7\u00e3o e contou com a participa\u00e7\u00e3o especial do professor de Dan\u00e7a de Sal\u00e3o Rodrigo Pereira, que ministrou uma oficina de Salsa para os participantes da tarde cultural que ensaiaram alguns passos b\u00e1sicos do ritmo caribenho.<\/p>\n<h1><\/h1>\n<p><strong>CONFIRA MAIS FOTOS DO EVENTO:<\/strong><\/p>\n<h1><\/h1>\n<p><a href=\"http:\/\/www.al.pb.leg.br\/elegispb\/wp-content\/uploads\/2012\/11\/oficina5.jpg\"><img decoding=\"async\" loading=\"lazy\" class=\"alignnone\" title=\"oficina2\" src=\"http:\/\/www.al.pb.leg.br\/elegispb\/wp-content\/uploads\/2012\/11\/oficina2-300x169.jpg\" alt=\"\" width=\"300\" height=\"169\" \/><\/a><\/p>\n<p><a href=\"http:\/\/www.al.pb.leg.br\/elegispb\/wp-content\/uploads\/2012\/11\/oficina5.jpg\"><img decoding=\"async\" loading=\"lazy\" class=\"alignnone\" title=\"oficina3\" src=\"http:\/\/www.al.pb.leg.br\/elegispb\/wp-content\/uploads\/2012\/11\/oficina3-300x169.jpg\" alt=\"\" width=\"300\" height=\"169\" \/><\/a><\/p>\n<p><a href=\"http:\/\/www.al.pb.leg.br\/elegispb\/wp-content\/uploads\/2012\/11\/oficina5.jpg\"><img decoding=\"async\" loading=\"lazy\" title=\"oficina4\" src=\"http:\/\/www.al.pb.leg.br\/elegispb\/wp-content\/uploads\/2012\/11\/oficina4-300x225.jpg\" alt=\"\" width=\"300\" height=\"225\" \/><img decoding=\"async\" loading=\"lazy\" title=\"oficina5\" src=\"http:\/\/www.al.pb.leg.br\/elegispb\/wp-content\/uploads\/2012\/11\/oficina5-300x225.jpg\" alt=\"\" width=\"300\" height=\"225\" \/><\/a><\/p>\n","protected":false},"excerpt":{"rendered":"<p>Por que aprender espanhol? Mais de 400 milh\u00f5es de pessoas em todo o mundo (40 milh\u00f5es s\u00f3 nos Estados Unidos) t\u00eam o espanhol como l\u00edngua materna, sendo que outros tantos o estudam como segundo idioma. O espanhol \u00e9 a quarta l\u00edngua mais falada no mundo, superado apenas pelo Ingl\u00eas, Mandarim e Hindu. O espanhol \u00e9 [&hellip;]<\/p>\n","protected":false},"author":1,"featured_media":0,"parent":45,"menu_order":1,"comment_status":"closed","ping_status":"closed","template":"","meta":[],"_links":{"self":[{"href":"https:\/\/www.al.pb.leg.br\/elegispb\/index.php?rest_route=\/wp\/v2\/pages\/226"}],"collection":[{"href":"https:\/\/www.al.pb.leg.br\/elegispb\/index.php?rest_route=\/wp\/v2\/pages"}],"about":[{"href":"https:\/\/www.al.pb.leg.br\/elegispb\/index.php?rest_route=\/wp\/v2\/types\/page"}],"author":[{"embeddable":true,"href":"https:\/\/www.al.pb.leg.br\/elegispb\/index.php?rest_route=\/wp\/v2\/users\/1"}],"replies":[{"embeddable":true,"href":"https:\/\/www.al.pb.leg.br\/elegispb\/index.php?rest_route=%2Fwp%2Fv2%2Fcomments&post=226"}],"version-history":[{"count":13,"href":"https:\/\/www.al.pb.leg.br\/elegispb\/index.php?rest_route=\/wp\/v2\/pages\/226\/revisions"}],"predecessor-version":[{"id":1466,"href":"https:\/\/www.al.pb.leg.br\/elegispb\/index.php?rest_route=\/wp\/v2\/pages\/226\/revisions\/1466"}],"up":[{"embeddable":true,"href":"https:\/\/www.al.pb.leg.br\/elegispb\/index.php?rest_route=\/wp\/v2\/pages\/45"}],"wp:attachment":[{"href":"https:\/\/www.al.pb.leg.br\/elegispb\/index.php?rest_route=%2Fwp%2Fv2%2Fmedia&parent=226"}],"curies":[{"name":"wp","href":"https:\/\/api.w.org\/{rel}","templated":true}]}}