{"id":944,"date":"2012-05-09T18:43:37","date_gmt":"2012-05-09T18:43:37","guid":{"rendered":"http:\/\/www.al.pb.leg.br\/elegispb\/?page_id=944"},"modified":"2026-04-13T10:09:26","modified_gmt":"2026-04-13T13:09:26","slug":"forum-legislativo","status":"publish","type":"page","link":"http:\/\/www.al.pb.leg.br\/elegispb\/?page_id=944","title":{"rendered":"BIBLIOTECA CIDAD\u00c3"},"content":{"rendered":"<p><span style=\"color: #000000;\">.<br \/>\nBem vindos a Biblioteca Cidad\u00e3!<\/span><\/p>\n<p><span style=\"color: #ffffff;\">.<\/span><br \/>\nA Biblioteca Cidad\u00e3 \u00e9 um espa\u00e7o digital criado para ampliar o acesso da popula\u00e7\u00e3o \u00e0 informa\u00e7\u00e3o legislativa, reunindo colet\u00e2neas de leis, regimentos, documentos institucionais e materiais de interesse p\u00fablico de forma organizada e acess\u00edvel.<\/p>\n<p><span style=\"color: #ffffff;\">.<\/span><br \/>\nA iniciativa tem como objetivo aproximar o cidad\u00e3o do conhecimento jur\u00eddico e das a\u00e7\u00f5es do Poder Legislativo, fortalecendo a transpar\u00eancia, a educa\u00e7\u00e3o cidad\u00e3 e o exerc\u00edcio da democracia. Por meio da Biblioteca Cidad\u00e3, estudantes, pesquisadores, gestores p\u00fablicos e toda a sociedade podem consultar conte\u00fados relevantes de maneira pr\u00e1tica e gratuita. Clique e conhe\u00e7a a Biblioteca Cidad\u00e3, explore os materiais dispon\u00edveis e descubra como a legisla\u00e7\u00e3o pode estar mais pr\u00f3xima do seu dia a dia.<\/p>\n<p>&nbsp;<\/p>\n<p><a href=\"https:\/\/www.al.pb.leg.br\/elegispb\/?page_id=5006\"><img decoding=\"async\" loading=\"lazy\" class=\"size-medium wp-image-5010 aligncenter\" src=\"http:\/\/www.al.pb.leg.br\/elegispb\/wp-content\/uploads\/2026\/04\/CARD-SITE-7-300x101.png\" alt=\"\" width=\"300\" height=\"101\" srcset=\"http:\/\/www.al.pb.leg.br\/elegispb\/wp-content\/uploads\/2026\/04\/CARD-SITE-7-300x101.png 300w, http:\/\/www.al.pb.leg.br\/elegispb\/wp-content\/uploads\/2026\/04\/CARD-SITE-7-1024x344.png 1024w, http:\/\/www.al.pb.leg.br\/elegispb\/wp-content\/uploads\/2026\/04\/CARD-SITE-7-768x258.png 768w, http:\/\/www.al.pb.leg.br\/elegispb\/wp-content\/uploads\/2026\/04\/CARD-SITE-7.png 1037w\" sizes=\"(max-width: 300px) 100vw, 300px\" \/><\/a><\/p>\n<p>&nbsp;<\/p>\n<p><a href=\"https:\/\/www.al.pb.leg.br\/elegispb\/?page_id=1086\"><img decoding=\"async\" loading=\"lazy\" class=\"size-medium wp-image-4840 aligncenter\" src=\"http:\/\/www.al.pb.leg.br\/elegispb\/wp-content\/uploads\/2026\/03\/DFGH-300x101.png\" alt=\"\" width=\"300\" height=\"101\" srcset=\"http:\/\/www.al.pb.leg.br\/elegispb\/wp-content\/uploads\/2026\/03\/DFGH-300x101.png 300w, http:\/\/www.al.pb.leg.br\/elegispb\/wp-content\/uploads\/2026\/03\/DFGH-1024x344.png 1024w, http:\/\/www.al.pb.leg.br\/elegispb\/wp-content\/uploads\/2026\/03\/DFGH-768x258.png 768w, http:\/\/www.al.pb.leg.br\/elegispb\/wp-content\/uploads\/2026\/03\/DFGH.png 1037w\" sizes=\"(max-width: 300px) 100vw, 300px\" \/><\/a><\/p>\n<p>&nbsp;<\/p>\n<p><a href=\"https:\/\/www.al.pb.leg.br\/elegispb\/?page_id=1778\"><img decoding=\"async\" loading=\"lazy\" class=\"wp-image-4951 size-medium aligncenter\" src=\"http:\/\/www.al.pb.leg.br\/elegispb\/wp-content\/uploads\/2026\/03\/CARD-SITE-4-300x101.png\" alt=\"\" width=\"300\" height=\"101\" srcset=\"http:\/\/www.al.pb.leg.br\/elegispb\/wp-content\/uploads\/2026\/03\/CARD-SITE-4-300x101.png 300w, http:\/\/www.al.pb.leg.br\/elegispb\/wp-content\/uploads\/2026\/03\/CARD-SITE-4-1024x344.png 1024w, http:\/\/www.al.pb.leg.br\/elegispb\/wp-content\/uploads\/2026\/03\/CARD-SITE-4-768x258.png 768w, http:\/\/www.al.pb.leg.br\/elegispb\/wp-content\/uploads\/2026\/03\/CARD-SITE-4.png 1037w\" sizes=\"(max-width: 300px) 100vw, 300px\" \/><\/a><\/p>\n<p>&nbsp;<\/p>\n<p><a href=\"https:\/\/www.al.pb.leg.br\/elegispb\/?page_id=1742\"><img decoding=\"async\" loading=\"lazy\" class=\"size-medium wp-image-4934 aligncenter\" src=\"http:\/\/www.al.pb.leg.br\/elegispb\/wp-content\/uploads\/2026\/03\/CARD-SITE-2-300x101.png\" alt=\"\" width=\"300\" height=\"101\" srcset=\"http:\/\/www.al.pb.leg.br\/elegispb\/wp-content\/uploads\/2026\/03\/CARD-SITE-2-300x101.png 300w, http:\/\/www.al.pb.leg.br\/elegispb\/wp-content\/uploads\/2026\/03\/CARD-SITE-2-1024x344.png 1024w, http:\/\/www.al.pb.leg.br\/elegispb\/wp-content\/uploads\/2026\/03\/CARD-SITE-2-768x258.png 768w, http:\/\/www.al.pb.leg.br\/elegispb\/wp-content\/uploads\/2026\/03\/CARD-SITE-2.png 1037w\" sizes=\"(max-width: 300px) 100vw, 300px\" \/><\/a><\/p>\n<p>&nbsp;<\/p>\n<p><a href=\"https:\/\/www.al.pb.leg.br\/elegispb\/?page_id=4945\"><img decoding=\"async\" loading=\"lazy\" class=\"size-medium wp-image-4947 aligncenter\" src=\"http:\/\/www.al.pb.leg.br\/elegispb\/wp-content\/uploads\/2026\/03\/CARD-SITE-3-300x101.png\" alt=\"\" width=\"300\" height=\"101\" srcset=\"http:\/\/www.al.pb.leg.br\/elegispb\/wp-content\/uploads\/2026\/03\/CARD-SITE-3-300x101.png 300w, http:\/\/www.al.pb.leg.br\/elegispb\/wp-content\/uploads\/2026\/03\/CARD-SITE-3-1024x344.png 1024w, http:\/\/www.al.pb.leg.br\/elegispb\/wp-content\/uploads\/2026\/03\/CARD-SITE-3-768x258.png 768w, http:\/\/www.al.pb.leg.br\/elegispb\/wp-content\/uploads\/2026\/03\/CARD-SITE-3.png 1037w\" sizes=\"(max-width: 300px) 100vw, 300px\" \/><\/a><\/p>\n<p>&nbsp;<\/p>\n<p><a href=\"https:\/\/www.al.pb.leg.br\/elegispb\/?page_id=1768\"><img decoding=\"async\" loading=\"lazy\" class=\"wp-image-4953 size-medium aligncenter\" src=\"http:\/\/www.al.pb.leg.br\/elegispb\/wp-content\/uploads\/2026\/03\/CARD-SITE-5-300x101.png\" alt=\"\" width=\"300\" height=\"101\" srcset=\"http:\/\/www.al.pb.leg.br\/elegispb\/wp-content\/uploads\/2026\/03\/CARD-SITE-5-300x101.png 300w, http:\/\/www.al.pb.leg.br\/elegispb\/wp-content\/uploads\/2026\/03\/CARD-SITE-5-1024x344.png 1024w, http:\/\/www.al.pb.leg.br\/elegispb\/wp-content\/uploads\/2026\/03\/CARD-SITE-5-768x258.png 768w, http:\/\/www.al.pb.leg.br\/elegispb\/wp-content\/uploads\/2026\/03\/CARD-SITE-5.png 1037w\" sizes=\"(max-width: 300px) 100vw, 300px\" \/><\/a><\/p>\n<p>&nbsp;<\/p>\n<p><a href=\"https:\/\/www.al.pb.leg.br\/elegispb\/?page_id=1773\"><img decoding=\"async\" loading=\"lazy\" class=\"wp-image-4954 size-medium aligncenter\" src=\"http:\/\/www.al.pb.leg.br\/elegispb\/wp-content\/uploads\/2026\/03\/CARD-SITE-6-300x101.png\" alt=\"\" width=\"300\" height=\"101\" srcset=\"http:\/\/www.al.pb.leg.br\/elegispb\/wp-content\/uploads\/2026\/03\/CARD-SITE-6-300x101.png 300w, http:\/\/www.al.pb.leg.br\/elegispb\/wp-content\/uploads\/2026\/03\/CARD-SITE-6-1024x344.png 1024w, http:\/\/www.al.pb.leg.br\/elegispb\/wp-content\/uploads\/2026\/03\/CARD-SITE-6-768x258.png 768w, http:\/\/www.al.pb.leg.br\/elegispb\/wp-content\/uploads\/2026\/03\/CARD-SITE-6.png 1037w\" sizes=\"(max-width: 300px) 100vw, 300px\" \/><\/a><\/p>\n<p>&nbsp;<\/p>\n<p>&nbsp;<\/p>\n","protected":false},"excerpt":{"rendered":"<p>. Bem vindos a Biblioteca Cidad\u00e3! . A Biblioteca Cidad\u00e3 \u00e9 um espa\u00e7o digital criado para ampliar o acesso da popula\u00e7\u00e3o \u00e0 informa\u00e7\u00e3o legislativa, reunindo colet\u00e2neas de leis, regimentos, documentos institucionais e materiais de interesse p\u00fablico de forma organizada e acess\u00edvel. . A iniciativa tem como objetivo aproximar o cidad\u00e3o do conhecimento jur\u00eddico e das [&hellip;]<\/p>\n","protected":false},"author":1,"featured_media":0,"parent":0,"menu_order":0,"comment_status":"closed","ping_status":"open","template":"","meta":[],"_links":{"self":[{"href":"http:\/\/www.al.pb.leg.br\/elegispb\/index.php?rest_route=\/wp\/v2\/pages\/944"}],"collection":[{"href":"http:\/\/www.al.pb.leg.br\/elegispb\/index.php?rest_route=\/wp\/v2\/pages"}],"about":[{"href":"http:\/\/www.al.pb.leg.br\/elegispb\/index.php?rest_route=\/wp\/v2\/types\/page"}],"author":[{"embeddable":true,"href":"http:\/\/www.al.pb.leg.br\/elegispb\/index.php?rest_route=\/wp\/v2\/users\/1"}],"replies":[{"embeddable":true,"href":"http:\/\/www.al.pb.leg.br\/elegispb\/index.php?rest_route=%2Fwp%2Fv2%2Fcomments&post=944"}],"version-history":[{"count":88,"href":"http:\/\/www.al.pb.leg.br\/elegispb\/index.php?rest_route=\/wp\/v2\/pages\/944\/revisions"}],"predecessor-version":[{"id":5012,"href":"http:\/\/www.al.pb.leg.br\/elegispb\/index.php?rest_route=\/wp\/v2\/pages\/944\/revisions\/5012"}],"wp:attachment":[{"href":"http:\/\/www.al.pb.leg.br\/elegispb\/index.php?rest_route=%2Fwp%2Fv2%2Fmedia&parent=944"}],"curies":[{"name":"wp","href":"https:\/\/api.w.org\/{rel}","templated":true}]}}