{"id":45,"date":"2010-08-12T14:51:57","date_gmt":"2010-08-12T14:51:57","guid":{"rendered":"http:\/\/www.al.pb.leg.br\/elegispb\/?page_id=45"},"modified":"2017-03-30T11:52:29","modified_gmt":"2017-03-30T14:52:29","slug":"cursos","status":"publish","type":"page","link":"http:\/\/www.al.pb.leg.br\/elegispb\/?page_id=45","title":{"rendered":"Cursos"},"content":{"rendered":"<p>Curso extensivos:<\/p>\n<p>&#8211; Inform\u00e1tica<br \/>\n&#8211; Processo Legislativo<br \/>\n&#8211; T\u00e9cnica Legislativa<br \/>\n&#8211; Especializa\u00e7\u00e3o<br \/>\n&#8211; Cursinho Pr\u00e9-ENEM<\/p>\n<p>informa\u00e7\u00f5es:<br \/>\n(83) 3214-4594<\/p>\n","protected":false},"excerpt":{"rendered":"<p>Curso extensivos: &#8211; Inform\u00e1tica &#8211; Processo Legislativo &#8211; T\u00e9cnica Legislativa &#8211; Especializa\u00e7\u00e3o &#8211; Cursinho Pr\u00e9-ENEM informa\u00e7\u00f5es: (83) 3214-4594<\/p>\n","protected":false},"author":1,"featured_media":0,"parent":0,"menu_order":2,"comment_status":"closed","ping_status":"closed","template":"","meta":[],"_links":{"self":[{"href":"http:\/\/www.al.pb.leg.br\/elegispb\/index.php?rest_route=\/wp\/v2\/pages\/45"}],"collection":[{"href":"http:\/\/www.al.pb.leg.br\/elegispb\/index.php?rest_route=\/wp\/v2\/pages"}],"about":[{"href":"http:\/\/www.al.pb.leg.br\/elegispb\/index.php?rest_route=\/wp\/v2\/types\/page"}],"author":[{"embeddable":true,"href":"http:\/\/www.al.pb.leg.br\/elegispb\/index.php?rest_route=\/wp\/v2\/users\/1"}],"replies":[{"embeddable":true,"href":"http:\/\/www.al.pb.leg.br\/elegispb\/index.php?rest_route=%2Fwp%2Fv2%2Fcomments&post=45"}],"version-history":[{"count":8,"href":"http:\/\/www.al.pb.leg.br\/elegispb\/index.php?rest_route=\/wp\/v2\/pages\/45\/revisions"}],"predecessor-version":[{"id":47,"href":"http:\/\/www.al.pb.leg.br\/elegispb\/index.php?rest_route=\/wp\/v2\/pages\/45\/revisions\/47"}],"wp:attachment":[{"href":"http:\/\/www.al.pb.leg.br\/elegispb\/index.php?rest_route=%2Fwp%2Fv2%2Fmedia&parent=45"}],"curies":[{"name":"wp","href":"https:\/\/api.w.org\/{rel}","templated":true}]}}