{"id":229,"date":"2010-09-28T00:49:50","date_gmt":"2010-09-28T00:49:50","guid":{"rendered":"http:\/\/www.al.pb.leg.br\/elegispb\/?page_id=229"},"modified":"2018-01-08T04:59:44","modified_gmt":"2018-01-08T07:59:44","slug":"pre-vestibular","status":"publish","type":"page","link":"http:\/\/www.al.pb.leg.br\/elegispb\/?page_id=229","title":{"rendered":"Pr\u00e9-ENEM"},"content":{"rendered":"<p style=\"text-align: right;\"><a href=\"http:\/\/www.al.pb.leg.br\/elegispb\/?page_id=1046\" target=\"_blank\">Como escolher sua profiss\u00e3o<\/a><br \/>\n<a href=\"http:\/\/www.al.pb.leg.br\/elegispb\/?page_id=1042\" target=\"_blank\">Conselhos para passar nos melhores vestibulares<\/a><br \/>\n<a href=\"http:\/\/www.al.pb.leg.br\/elegispb\/?page_id=1625\" target=\"_blank\">As 10 melhores t\u00e9cnicas de estudo<\/a><\/p>\n<p style=\"text-align: justify;\">O Cursinho Pr\u00e9-ENEM \u00e9 um projeto criado e mantido pela Escola do Legislativo da Para\u00edba, em parceria com a Associa\u00e7\u00e3o Promocional do Poder Legislativo (APPL). Trata-se de um curso ENEM voltado para funcion\u00e1rios deste poder, seus dependentes diretos e pessoas de baixa renda, que n\u00e3o possuem condi\u00e7\u00f5es financeiras para custear um cursinho comercial. A miss\u00e3o deste Cursinho \u00e9 oferecer um ensino de qualidade, criando condi\u00e7\u00f5es reais para aprova\u00e7\u00e3o dos seus alunos nas universidades p\u00fablicas do Estado.\u00a0<a href=\"http:\/\/www.al.pb.leg.br\/elegispb\/wp-content\/uploads\/2010\/09\/553136_394082770616967_285030304855548_1430468_1503794694_n.jpg\" target=\"_blank\"><img decoding=\"async\" loading=\"lazy\" class=\"alignright\" title=\"553136_394082770616967_285030304855548_1430468_1503794694_n\" src=\"http:\/\/www.al.pb.leg.br\/elegispb\/wp-content\/uploads\/2010\/09\/553136_394082770616967_285030304855548_1430468_1503794694_n-300x225.jpg\" alt=\"\" width=\"300\" height=\"225\" \/><\/a><\/p>\n<p style=\"text-align: justify;\">Desde sua funda\u00e7\u00e3o, o cursinho tem se destacado entre outros projetos educacionais e pedag\u00f3gicos da Escola, pela sua qualidade, infraestrutura e pelos resultados obtidos. O Cursinho tem alcan\u00e7ado percentuais de aprova\u00e7\u00e3o elevados no PSS e se credenciado, cada\u00a0 vez mais, junto \u00e0 comunidade legislativa e a sociedade em geral.<\/p>\n<p style=\"text-align: justify;\">A diretora Maria Helena Toscano ressalta que al\u00e9m da forma\u00e7\u00e3o intelectual, os professores da Escola do Legislativo tamb\u00e9m manifestam uma preocupa\u00e7\u00e3o com a forma\u00e7\u00e3o moral dos alunos, atrav\u00e9s de ensinamentos e atividades inerentes ao conv\u00edvio familiar e social.<\/p>\n<p style=\"text-align: justify;\">As atividades do cursinho n\u00e3o se limitam \u00e0 sala de aula. Os professores tamb\u00e9m estimulam e desenvolvem atividades extraclasse, onde os alunos t\u00eam oportunidade de realizar uma integra\u00e7\u00e3o entre a grade curricular e o seu dia a dia no contexto social.<br \/>\nAssim, o Cursinho Pr\u00e9-ENEM n\u00e3o se limita apenas a buscar pura e simples pela aprova\u00e7\u00e3o no vestibular, mas, tamb\u00e9m, fomentar um esp\u00edrito cr\u00edtico nos alunos, para que eles adquiram uma vis\u00e3o mais ampla da realidade social em que est\u00e3o inseridos.<\/p>\n<p style=\"text-align: justify;\">Mesmo que n\u00e3o seja poss\u00edvel a alguns dos nossos estudantes a aprova\u00e7\u00e3o no vestibular\u00a0 nenhum cursinho aprova 100% dos seus alunos, certamente eles ter\u00e3o ampliado seus horizontes e levar\u00e3o suas novas ideias e conhecimentos ao seu c\u00edrculo familiar e social, produzindo assim um efeito multiplicador desta forma\u00e7\u00e3o. Esta \u00e9 uma conquista que, por si s\u00f3, j\u00e1 proporciona um legado permanente aos alunos, fazendo valer \u00e0 pena o objetivo do projeto.<\/p>\n","protected":false},"excerpt":{"rendered":"<p>Como escolher sua profiss\u00e3o Conselhos para passar nos melhores vestibulares As 10 melhores t\u00e9cnicas de estudo O Cursinho Pr\u00e9-ENEM \u00e9 um projeto criado e mantido pela Escola do Legislativo da Para\u00edba, em parceria com a Associa\u00e7\u00e3o Promocional do Poder Legislativo (APPL). Trata-se de um curso ENEM voltado para funcion\u00e1rios deste poder, seus dependentes diretos e [&hellip;]<\/p>\n","protected":false},"author":1,"featured_media":0,"parent":45,"menu_order":4,"comment_status":"closed","ping_status":"closed","template":"","meta":[],"_links":{"self":[{"href":"http:\/\/www.al.pb.leg.br\/elegispb\/index.php?rest_route=\/wp\/v2\/pages\/229"}],"collection":[{"href":"http:\/\/www.al.pb.leg.br\/elegispb\/index.php?rest_route=\/wp\/v2\/pages"}],"about":[{"href":"http:\/\/www.al.pb.leg.br\/elegispb\/index.php?rest_route=\/wp\/v2\/types\/page"}],"author":[{"embeddable":true,"href":"http:\/\/www.al.pb.leg.br\/elegispb\/index.php?rest_route=\/wp\/v2\/users\/1"}],"replies":[{"embeddable":true,"href":"http:\/\/www.al.pb.leg.br\/elegispb\/index.php?rest_route=%2Fwp%2Fv2%2Fcomments&post=229"}],"version-history":[{"count":29,"href":"http:\/\/www.al.pb.leg.br\/elegispb\/index.php?rest_route=\/wp\/v2\/pages\/229\/revisions"}],"predecessor-version":[{"id":907,"href":"http:\/\/www.al.pb.leg.br\/elegispb\/index.php?rest_route=\/wp\/v2\/pages\/229\/revisions\/907"}],"up":[{"embeddable":true,"href":"http:\/\/www.al.pb.leg.br\/elegispb\/index.php?rest_route=\/wp\/v2\/pages\/45"}],"wp:attachment":[{"href":"http:\/\/www.al.pb.leg.br\/elegispb\/index.php?rest_route=%2Fwp%2Fv2%2Fmedia&parent=229"}],"curies":[{"name":"wp","href":"https:\/\/api.w.org\/{rel}","templated":true}]}}