{"id":2062,"date":"2013-09-18T10:25:51","date_gmt":"2013-09-18T13:25:51","guid":{"rendered":"http:\/\/www.al.pb.leg.br\/elegispb\/?page_id=2062"},"modified":"2023-05-07T00:50:33","modified_gmt":"2023-05-07T03:50:33","slug":"especificidades-legislativas","status":"publish","type":"page","link":"http:\/\/www.al.pb.leg.br\/elegispb\/?page_id=2062","title":{"rendered":"Especificidades Legislativas"},"content":{"rendered":"<ul>\n<li>Cerimonial e Ordem de Preced\u00eancia<\/li>\n<li>Cidadania e Estado Brasileiro<\/li>\n<li>Direito da Crian\u00e7a e do Adolescente<\/li>\n<li>Direito da Pessoa com Defici\u00eancia<\/li>\n<li>Direito da Mulher<\/li>\n<li>Direito do Consumidor<\/li>\n<li>Direito do Idoso<\/li>\n<li>Jornalismo Legislativo<\/li>\n<li>Venci as Elei\u00e7\u00f5es, e agora?<\/li>\n<li>Processo e T\u00e9cnica Legislativa<\/li>\n<li>Comunica\u00e7\u00e3o Pol\u00edtica<\/li>\n<li>Marketing Pol\u00edtico<\/li>\n<li>Design Thinking<\/li>\n<li>Inova\u00e7\u00e3o<\/li>\n<li>Gest\u00e3o de Crise<\/li>\n<li>Taquigrafia<\/li>\n<\/ul>\n","protected":false},"excerpt":{"rendered":"<p>Cerimonial e Ordem de Preced\u00eancia Cidadania e Estado Brasileiro Direito da Crian\u00e7a e do Adolescente Direito da Pessoa com Defici\u00eancia Direito da Mulher Direito do Consumidor Direito do Idoso Jornalismo Legislativo Venci as Elei\u00e7\u00f5es, e agora? Processo e T\u00e9cnica Legislativa Comunica\u00e7\u00e3o Pol\u00edtica Marketing Pol\u00edtico Design Thinking Inova\u00e7\u00e3o Gest\u00e3o de Crise Taquigrafia<\/p>\n","protected":false},"author":1,"featured_media":0,"parent":45,"menu_order":0,"comment_status":"closed","ping_status":"open","template":"","meta":[],"_links":{"self":[{"href":"http:\/\/www.al.pb.leg.br\/elegispb\/index.php?rest_route=\/wp\/v2\/pages\/2062"}],"collection":[{"href":"http:\/\/www.al.pb.leg.br\/elegispb\/index.php?rest_route=\/wp\/v2\/pages"}],"about":[{"href":"http:\/\/www.al.pb.leg.br\/elegispb\/index.php?rest_route=\/wp\/v2\/types\/page"}],"author":[{"embeddable":true,"href":"http:\/\/www.al.pb.leg.br\/elegispb\/index.php?rest_route=\/wp\/v2\/users\/1"}],"replies":[{"embeddable":true,"href":"http:\/\/www.al.pb.leg.br\/elegispb\/index.php?rest_route=%2Fwp%2Fv2%2Fcomments&post=2062"}],"version-history":[{"count":7,"href":"http:\/\/www.al.pb.leg.br\/elegispb\/index.php?rest_route=\/wp\/v2\/pages\/2062\/revisions"}],"predecessor-version":[{"id":4447,"href":"http:\/\/www.al.pb.leg.br\/elegispb\/index.php?rest_route=\/wp\/v2\/pages\/2062\/revisions\/4447"}],"up":[{"embeddable":true,"href":"http:\/\/www.al.pb.leg.br\/elegispb\/index.php?rest_route=\/wp\/v2\/pages\/45"}],"wp:attachment":[{"href":"http:\/\/www.al.pb.leg.br\/elegispb\/index.php?rest_route=%2Fwp%2Fv2%2Fmedia&parent=2062"}],"curies":[{"name":"wp","href":"https:\/\/api.w.org\/{rel}","templated":true}]}}