{"id":1447,"date":"2013-04-24T14:36:48","date_gmt":"2013-04-24T14:36:48","guid":{"rendered":"http:\/\/www.al.pb.leg.br\/elegispb\/?page_id=1447"},"modified":"2017-04-05T12:41:56","modified_gmt":"2017-04-05T15:41:56","slug":"laco-psicopedagogico","status":"publish","type":"page","link":"http:\/\/www.al.pb.leg.br\/elegispb\/?page_id=1447","title":{"rendered":"La\u00e7o Psicopedag\u00f3gico"},"content":{"rendered":"<p style=\"text-align: justify;\" align=\"center\"><strong style=\"text-align: justify;\">\u00a0<\/strong><span style=\"text-align: justify;\">\u00a0 \u00a0 \u00a0 \u00a0 \u00a0 \u00a0 \u00a0 \u00a0 Vamos iniciar nosso link com a poesia O La\u00e7o e o Abra\u00e7o de M\u00e1rio Quintana que t\u00e3o bem representa a import\u00e2ncia dos la\u00e7os, estabelecendo assim relacionamentos. O ato de educar envolve troca de saberes que n\u00e3o est\u00e3o restritos apenas ao conte\u00fado da disciplina, mas a subjetividade de cada um, a pluralidade dos seres humanos.<\/span><\/p>\n<p style=\"text-align: center;\" align=\"center\"><strong>\u00a0<\/strong><strong>O La\u00e7o e o Abra\u00e7o<\/strong><\/p>\n<p style=\"text-align: center;\">Meu Deus! Como \u00e9 engra\u00e7ado!<br \/>\nEu nunca tinha reparado como \u00e9 curioso um la\u00e7o&#8230; uma fita dando voltas.<br \/>\nEnrosca-se, mas n\u00e3o se embola, vira, revira, circula e pronto: est\u00e1 dado o la\u00e7o.<br \/>\n\u00c9 assim que \u00e9 o abra\u00e7o: cora\u00e7\u00e3o com cora\u00e7\u00e3o, tudo isso cercado de bra\u00e7o.<br \/>\n\u00c9 assim que \u00e9 o la\u00e7o: um abra\u00e7o no presente, no cabelo, no vestido, em qualquer coisa onde o fa\u00e7o.<br \/>\nE quando puxo uma ponta, o que \u00e9 que acontece?<br \/>\nVai escorregando&#8230; devagarzinho, desmancha, desfaz o abra\u00e7o.<br \/>\nSolta o presente, o cabelo, fica solto no vestido.<br \/>\nE, na fita, que curioso, n\u00e3o faltou nem um peda\u00e7o.<br \/>\nAh! Ent\u00e3o, \u00e9 assim o amor, a amizade.<br \/>\nTudo que \u00e9 sentimento. Como um peda\u00e7o de fita.<br \/>\nEnrosca, segura um pouquinho, mas pode se desfazer a qualquer hora,<br \/>\ndeixando livre as duas bandas do la\u00e7o. Por isso \u00e9 que se diz: la\u00e7o afetivo, la\u00e7o de amizade.<br \/>\nE quando algu\u00e9m briga, ent\u00e3o se diz: romperam-se os la\u00e7os.<br \/>\nE saem as duas partes, igual meus peda\u00e7os de fita, sem perder nenhum peda\u00e7o.<br \/>\nEnt\u00e3o o amor e a amizade s\u00e3o isso&#8230;<br \/>\nN\u00e3o prendem, n\u00e3o escravizam, n\u00e3o apertam, n\u00e3o sufocam.<br \/>\nPorque quando vira n\u00f3, j\u00e1 deixou de ser um la\u00e7o.<\/p>\n<p align=\"right\">M\u00e1rio Quintana<\/p>\n<p style=\"text-align: justify;\">\u00a0<span style=\"text-align: justify;\">\u00a0 \u00a0 \u00a0 \u00a0 \u00a0 \u00a0 \u00a0 \u00a0 La\u00e7o nome o qual j\u00e1 denota um abra\u00e7o e \u00e9 isso mesmo um enla\u00e7amento da psicologia com a pedagogia. Conversaremos sobre temas que convergem nesse abra\u00e7o desses &#8220;dois&#8221; saberes e o que j\u00e1 transcende, pois a psicopedagogia \u00e9 uma ci\u00eancia &#8220;interdisciplinar&#8221; inovadora, pois, compreende o saber de v\u00e1rias ci\u00eancias e conhecimentos.<\/span><\/p>\n","protected":false},"excerpt":{"rendered":"<p>\u00a0\u00a0 \u00a0 \u00a0 \u00a0 \u00a0 \u00a0 \u00a0 \u00a0 Vamos iniciar nosso link com a poesia O La\u00e7o e o Abra\u00e7o de M\u00e1rio Quintana que t\u00e3o bem representa a import\u00e2ncia dos la\u00e7os, estabelecendo assim relacionamentos. O ato de educar envolve troca de saberes que n\u00e3o est\u00e3o restritos apenas ao conte\u00fado da disciplina, mas a subjetividade de [&hellip;]<\/p>\n","protected":false},"author":1,"featured_media":0,"parent":1432,"menu_order":0,"comment_status":"closed","ping_status":"open","template":"","meta":[],"_links":{"self":[{"href":"http:\/\/www.al.pb.leg.br\/elegispb\/index.php?rest_route=\/wp\/v2\/pages\/1447"}],"collection":[{"href":"http:\/\/www.al.pb.leg.br\/elegispb\/index.php?rest_route=\/wp\/v2\/pages"}],"about":[{"href":"http:\/\/www.al.pb.leg.br\/elegispb\/index.php?rest_route=\/wp\/v2\/types\/page"}],"author":[{"embeddable":true,"href":"http:\/\/www.al.pb.leg.br\/elegispb\/index.php?rest_route=\/wp\/v2\/users\/1"}],"replies":[{"embeddable":true,"href":"http:\/\/www.al.pb.leg.br\/elegispb\/index.php?rest_route=%2Fwp%2Fv2%2Fcomments&post=1447"}],"version-history":[{"count":5,"href":"http:\/\/www.al.pb.leg.br\/elegispb\/index.php?rest_route=\/wp\/v2\/pages\/1447\/revisions"}],"predecessor-version":[{"id":1991,"href":"http:\/\/www.al.pb.leg.br\/elegispb\/index.php?rest_route=\/wp\/v2\/pages\/1447\/revisions\/1991"}],"up":[{"embeddable":true,"href":"http:\/\/www.al.pb.leg.br\/elegispb\/index.php?rest_route=\/wp\/v2\/pages\/1432"}],"wp:attachment":[{"href":"http:\/\/www.al.pb.leg.br\/elegispb\/index.php?rest_route=%2Fwp%2Fv2%2Fmedia&parent=1447"}],"curies":[{"name":"wp","href":"https:\/\/api.w.org\/{rel}","templated":true}]}}