{"id":1124,"date":"2012-05-21T13:18:32","date_gmt":"2012-05-21T13:18:32","guid":{"rendered":"http:\/\/www.al.pb.leg.br\/elegispb\/?page_id=1124"},"modified":"2013-04-17T13:45:09","modified_gmt":"2013-04-17T13:45:09","slug":"como-melhorar-seu-ingles","status":"publish","type":"page","link":"http:\/\/www.al.pb.leg.br\/elegispb\/?page_id=1124","title":{"rendered":"Como Melhorar seu Ingl\u00eas"},"content":{"rendered":"<p><a title=\"santa.jpg\" href=\"http:\/\/www.al.pb.leg.br\/elegispb\/?attachment_id=1253\" rel=\"attachment wp-att-1253\"><br \/>\n<\/a>Voc\u00ea j\u00e1 tentou fazer regime, estudar uma l\u00edngua estrangeira, entrar em forma na academia ou guardar dinheiro para fazer uma viagem? O que esses projetos t\u00eam em comum al\u00e9m de serem, muitas vezes, motivo de frustra\u00e7\u00e3o? A meu ver, a falta de planejamento realista costuma ser a causa mais freq\u00fcente desses fracassos. Em geral, come\u00e7amos quaisquer dessas atividades com um entusiasmo impressionante e n\u00e3o nos damos conta de que a expectativa gerada est\u00e1 al\u00e9m de nossa capacidade. Quando n\u00e3o atingimos nas primeiras semanas as metas que nos impusemos, o des\u00e2nimo toma conta e\u00a0jogamos a toalha. O que era uma id\u00e9ia bem intencionada acaba n\u00e3o dando em nada. E o que \u00e9 pior, voc\u00ea acaba perdendo a confian\u00e7a em si mesmo para enfrentar novos desafios. O mesmo princ\u00edpio pode ser aplicado ao estudo de um idioma estrangeiro. De nada adianta estudar 4 horas por dia no come\u00e7o do curso e depois s\u00f3 abrir o livro na sala de aula, uma ou duas vezes por semana.<\/p>\n<p>Enfim, h\u00e1 resposta para este dilema? Como em tudo na vida, n\u00e3o h\u00e1 milagres nem solu\u00e7\u00f5es m\u00e1gicas e mirabolantes.\u00a0<em>Less is more<\/em>!\u00a0[Menos \u00e9 mais!] Defina objetivos compat\u00edveis com seus outros compromissos, pois \u00e9 muito melhor tra\u00e7ar planos mais modestos e cumpri-los do que querer conquistar o mundo e terminar quebrando a cara. Al\u00e9m disso, quando falamos de aprender uma l\u00edngua estrangeira, tratamentos de choque n\u00e3o costumam dar bons resultados. O mais importante \u00e9 manter a regularidade, mesmo que a dose seja, digamos, homeop\u00e1tica. Por exemplo, uma boa pedida \u00e9 acompanhar diariamente um jornal ou blogs com dicas de ingl\u00eas.\u00a0Garanto que, de maneira indolor e quase impercept\u00edvel, voc\u00ea permanecer\u00e1 em contato com o idioma e n\u00e3o deixar\u00e1 seu ingl\u00eas em estado vegetativo durante tanto tempo. N\u00e3o se esque\u00e7a de que h\u00e1 outras atividades que complementam a exposi\u00e7\u00e3o ao idioma como, por exemplo, aulas regulares, livros, filmes, document\u00e1rios, revistas, m\u00fasica etc.<\/p>\n<p>Lembre-se sempre da express\u00e3o \u201c<em>Slowly but surely<\/em>\u201d [Devagar se vai ao longe]. Voc\u00ea n\u00e3o vai querer come\u00e7ar a estudar ingl\u00eas todo semestre, vai?<\/p>\n<p>&nbsp;<\/p>\n","protected":false},"excerpt":{"rendered":"<p>Voc\u00ea j\u00e1 tentou fazer regime, estudar uma l\u00edngua estrangeira, entrar em forma na academia ou guardar dinheiro para fazer uma viagem? O que esses projetos t\u00eam em comum al\u00e9m de serem, muitas vezes, motivo de frustra\u00e7\u00e3o? A meu ver, a falta de planejamento realista costuma ser a causa mais freq\u00fcente desses fracassos. Em geral, come\u00e7amos [&hellip;]<\/p>\n","protected":false},"author":1,"featured_media":0,"parent":126,"menu_order":0,"comment_status":"closed","ping_status":"closed","template":"","meta":[],"_links":{"self":[{"href":"http:\/\/www.al.pb.leg.br\/elegispb\/index.php?rest_route=\/wp\/v2\/pages\/1124"}],"collection":[{"href":"http:\/\/www.al.pb.leg.br\/elegispb\/index.php?rest_route=\/wp\/v2\/pages"}],"about":[{"href":"http:\/\/www.al.pb.leg.br\/elegispb\/index.php?rest_route=\/wp\/v2\/types\/page"}],"author":[{"embeddable":true,"href":"http:\/\/www.al.pb.leg.br\/elegispb\/index.php?rest_route=\/wp\/v2\/users\/1"}],"replies":[{"embeddable":true,"href":"http:\/\/www.al.pb.leg.br\/elegispb\/index.php?rest_route=%2Fwp%2Fv2%2Fcomments&post=1124"}],"version-history":[{"count":4,"href":"http:\/\/www.al.pb.leg.br\/elegispb\/index.php?rest_route=\/wp\/v2\/pages\/1124\/revisions"}],"predecessor-version":[{"id":1395,"href":"http:\/\/www.al.pb.leg.br\/elegispb\/index.php?rest_route=\/wp\/v2\/pages\/1124\/revisions\/1395"}],"up":[{"embeddable":true,"href":"http:\/\/www.al.pb.leg.br\/elegispb\/index.php?rest_route=\/wp\/v2\/pages\/126"}],"wp:attachment":[{"href":"http:\/\/www.al.pb.leg.br\/elegispb\/index.php?rest_route=%2Fwp%2Fv2%2Fmedia&parent=1124"}],"curies":[{"name":"wp","href":"https:\/\/api.w.org\/{rel}","templated":true}]}}